.
-8
Let r(p) = p**3 + 10*p**2 + 15*p + 5. Calculate r(-1).
-1
Let y(s) = -2*s**2 - 98*s - 534. Give y(-43).
-18
Let z(l) = 8*l**3 - 26*l**2 + 62*l - 5. Determine z(2).
79
Let w(m) = -3*m + 27. What is w(3)?
18
Let j(f) = -4*f**2 - 49*f - 140. Determine j(-8).
-4
Let g(k) = -11*k - 107. Calculate g(-19).
102
Let d(k) = 8*k**2 - 13*k - 7. Calculate d(5).
128
Let g(s) = 6*s**3 + 15*s**2 - 35*s - 134. Calculate g(-3).
-56
Let q(l) = 2*l**2 - 490*l + 965. What is q(243)?
-7
Let c(q) = 2242*q + 11189. Give c(-5).
-21
Let q(k) = 14*k**2 - 1038*k + 154. Calculate q(74).
6
Let g(n) = -21*n**2 - 8*n - 9. Calculate g(-1).
-22
Let q(d) = d**3 + 104*d**2 + 2621*d - 129. What is q(-61)?
-7
Let r(l) = 112*l**2 - 4*l. Determine r(1).
108
Let n(h) = h**3 + 9*h**2 - 405*h + 71. Calculate n(16).
-9
Let q(a) = 18*a - 59. Give q(16).
229
Let o(m) = -m**3 - 261*m**2 - 2511*m - 272. Determine o(-251).
-21
Let b(m) = -m**3 + 4*m**2 + 55*m + 26. What is b(10)?
-24
Let q(c) = 2*c**2 - 270*c + 4234. Determine q(18).
22
Let i(h) = -h**2 - 30*h - 116. Determine i(-19).
93
Let c(b) = 23*b - 756. What is c(56)?
532
Let i(q) = -34*q - 509. What is i(-12)?
-101
Let t(y) = y**3 - 59*y**2 - 607*y - 328. What is t(68)?
12
Let g(r) = -52*r + 1081. Determine g(21).
-11
Let l(g) = 51*g - 1722. Calculate l(34).
12
Let a(y) = y**3 + 2*y**2 - 8*y + 4. Calculate a(2).
4
Let g(z) = 1240*z - 1165. Give g(1).
75
Let c(j) = 6*j**3 - 565*j**2 + 97*j - 279. Determine c(94).
3
Let l(h) = -h**3 + 3*h**2 + 5*h + 68. What is l(6)?
-10
Let i(k) = 15*k**2 + 1098*k - 871. Calculate i(-74).
17
Let a(c) = c**3 + 40*c**2 + 28*c - 242. Determine a(-39).
187
Let s(w) = -w**3 + 25*w**2 - 154*w - 3. Determine s(11).
-3
Let y(g) = 78*g + 1335. Calculate y(-17).
9
Let a(y) = 2*y**3 + 82*y**2 - 3*y - 121. What is a(-41)?
2
Let x(o) = -429*o - 36907. Determine x(-86).
-13
Let q(y) = -y**2 + 18*y - 144. What is q(13)?
-79
Let p(i) = 23*i - 57. Calculate p(-8).
-241
Let k(v) = 17*v - 471. Calculate k(27).
-12
Let s(j) = -j**3 + 8*j**2 + 182*j - 1316. Calculate s(7).
7
Let z(w) = -141*w**3 - 7*w**2 + 14*w - 8. Determine z(2).
-1136
Let j(v) = v**2 - 5*v - 150. What is j(0)?
-150
Let y(j) = -118*j - 505. Calculate y(-4).
-33
Let b(t) = -2*t**2 + 27*t + 78. Give b(16).
-2
Let f(k) = 4*k**2 - 110*k + 289. Determine f(25).
39
Let h(t) = -2*t**3 + 8*t**2 + 8*t - 5. Calculate h(5).
-15
Let o(b) = -b**2 - 200*b + 7428. What is o(32)?
4
Let r(x) = -4244*x + 38217. Give r(9).
21
Let b(n) = 2*n**2 - 21*n - 126. Give b(15).
9
Let i(u) = 2*u**2 + 9*u - 623. Give i(16).
33
Let x(z) = -z**3 - 102*z**2 - 840*z - 9. Give x(-9).
18
Let m(y) = 24*y + 486. Determine m(-21).
-18
Let l(s) = -s**2 + 61*s + 267. Determine l(-4).
7
Let d(j) = 413*j - 17349. Give d(42).
-3
Let o(k) = k**2 + 498*k + 4427. Calculate o(-9).
26
Let t(m) = 2*m**3 + 8*m**2 - 28*m - 6. Give t(-6).
18
Let y(r) = -89*r - 3093. Determine y(-35).
22
Let a(t) = -24*t**3 - 51*t**2 - 2*t - 1. Give a(-2).
-9
Let a(y) = -y**2 + 9*y + 112. What is a(-9)?
-50
Let n(t) = t**3 + 24*t**2 + 109*t + 4. What is n(-6)?
-2
Let f(a) = -905*a + 7171. Calculate f(8).
-69
Let h(a) = 5*a**2 + 178*a + 763. What is h(-5)?
-2
Let f(r) = -r**2 - 70*r - 633. Give f(-59).
16
Let t(l) = 3*l**2 - 142*l - 2199. Determine t(-16).
841
Let u(x) = 290*x + 2281. Give u(-8).
-39
Let c(w) = -595*w + 2386. What is c(4)?
6
Let r(u) = -u**2 - 234*u + 1472. Determine r(6).
32
Let q(o) = -47*o**2 + 8*o - 18. What is q(2)?
-190
Let k(q) = -54*q**2 + 72*q - 16. What is k(3)?
-286
Let m(v) = 12263*v + 36785. Determine m(-3).
-4
Let n(y) = 15*y - 14. Give n(0).
-14
Let w(j) = -561*j - 2249. Determine w(-4).
-5
Let y(g) = 7*g**2 + 122*g - 250. Calculate y(2).
22
Let s(r) = 7*r**2 + 37*r + 40. Determine s(-1).
10
Let q(s) = 19*s**2 + 1655*s + 164. Determine q(-87).
-10
Let r(o) = -105*o**3 - 2*o**2 + 80*o - 79. Give r(1).
-106
Let p(z) = 29*z + 110. Calculate p(-4).
-6
Let v(w) = w**2 - 103*w + 299. What is v(3)?
-1
Let z(v) = v**3 + v**2 - 155*v + 248. Calculate z(11).
-5
Let d(i) = 563*i - 2825. Give d(5).
-10
Let r(g) = 2*g**2 + 162*g + 632. What is r(-4)?
16
Let w(r) = -14*r**2 + 1275*r + 142. Give w(91).
233
Let j(d) = 5*d**3 - 362*d**2 - 216*d - 227. Determine j(73).
-8
Let t(a) = 64*a + 573. What is t(-9)?
-3
Let f(l) = -l**3 - 39*l**2 - 34*l + 126. Give f(-38).
-26
Let s(k) = 51*k + 198. Give s(-4).
-6
Let i(z) = z**2 - 34*z + 211. What is i(30)?
91
Let w(b) = -1535*b + 10760. Calculate w(7).
15
Let o(s) = -56*s + 7604. Calculate o(136).
-12
Let b(m) = -m**2 + 345*m - 4939. Determine b(15).
11
Let t(x) = 56*x + 3. What is t(2)?
115
Let x(b) = b**3 - 7*b**2 + 4864*b - 19402. What is x(4)?
6
Let a(r) = 11*r**3 + 135*r**2 - 656*r + 4. Calculate a(-16).
4
Let k(y) = -y**2 + 2632. Calculate k(51).
31
Let b(w) = w**2 + 21*w - 103. Calculate b(-21).
-103
Let h(w) = 2*w**3 + 75*w**2 - 121*w + 40. Give h(-39).
196
Let o(y) = -y**3 + 6*y**2 + 14*y - 36. Calculate o(7).
13
Let l(c) = c**2 - 11*c - 23. Give l(6).
-53
Let k(h) = h**2 - 38*h - 111. What is k(40)?
-31
Let d(v) = 3*v**2 - 39*v + 111. What is d(5)?
-9
Let y(k) = -3*k**3 - 21*k**2 - 11*k - 30. What is y(-10)?
980
Let g(z) = z**2 + 15*z + 15. What is g(-6)?
-39
Let k(g) = 146*g + 17381. Determine k(-119).
7
Let f(b) = -b**2 + 29*b - 205. Give f(19).
-15
Let o(k) = -47*k - 187. Determine o(-5).
48
Let h(m) = -3*m**2 - 16*m + 7. What is h(6)?
-197
Let r(c) = -2*c**2 - 23*c + 344. Give r(-18).
110
Let v(f) = -21026*f + 147195. What is v(7)?
13
Let n(i) = -2*i**3 + 30*i**2 - 56*i + 837. Calculate n(15).
-3
Let i(a) = -a**3 + 27*a**2 - 122*a - 25. What is i(6)?
-1
Let k(t) = -82*t**3 - 3*t**2 - t + 2. Determine k(-1).
82
Let x(v) = -v**3 - 13*v**2 - 32*v + 14. Calculate x(-10).
34
Let w(d) = -175*d + 10961. What is w(63)?
-64
Let v(k) = 2*k**2 - 29*k + 261. Determine v(11).
184
Let t(i) = 4*i**2 + 38*i - 44. What is t(-12)?
76
Let r(d) = d**3 - 134*d**2 + 894*d - 653. What is r(127)?
-18
Let j(s) = -s**3 + 55*s**2 - 52*s - 115. Calculate j(54).
-7
Let g(o) = 971*o - 2927. Give g(3).
-14
Let f(z) = 3*z**3 - 106*z**2 - 70*z - 46. Determine f(36).
26
Let k(i) = 4*i**2 - 46*i - 51. Calculate k(-1).
-1
Let g(d) = -19*d + 275. What is g(18)?
-67
Let j(n) = 2*n**3 + 6*n**2 - 21*n - 108. Calculate j(-4).
-56
Let v(y) = y**2 + 652*y - 9409. Calculate v(14).
-85
Let x(p) = 8*p**2 + 61*p + 110. Give x(-15).
995
Let q(w) = w**2 - 37*w + 343. Calculate q(19).
1
Let n(r) = -r**2 - 29*r - 180. Determine n(-14).
30
Let y(i) = -2*i - 30. Calculate y(-2).
-26
Let v(h) = 13*h - 158. What is v(11)?
-15
Let j(i) = 274*i - 1652. Determine j(6).
-8
Let f(d) = -16*d + 1420. What is f(88)?
12
Let s(m) = -16*m**3 + 1692*m**2 + 424*m + 2. What is s(106)?
2
Let n(t) = -12117*t + 12123. Give n(1).
6
Let p(i) = -i**2 - 13*i - 31. Calculate p(-6).
11
Let w(u) = -u**2 + 17*u + 37. Give w(18).
19
Let s(d) = 732*d + 10252. Determine s(-14).
4
Let u(g) = -21*g - 363. Determine u(-18).
15
Let n(y) = -y**3 + 4*y**2 - 20*y + 11. Determine n(6).
-181
Let h(o) = -o**2 - 131*o + 1547. Give h(11).
-15
Let l(v) = 27*v**2 + 6*v - 10. Give l(2).
110
Let n(h) = -h**3 - 6*h**2 + 24*h + 41. Give n(-8).
-23
Let n(z) = 9*z - 468. Calculate n(47).
-45
Let g(b) = -3*b**3 + b**2 - 122*b - 74. What is g(0)?
-74
Let y(d) = -4*d**2 - 186*d - 117. Calculate y(-47).
-211
Let n(g) = 39*g - 388. Calculate n(11).
41
Let k(c) = -28*c + 58. Calculate k(-3).
142
Let p(i) = i**2 + 152*i + 1166. Determine p(-8).
14
Let i(p) = -271*p - 5943. What is i(-22)?
19
Let u(b) = 3*b**2 - 4*b + 8. Determine u(2).
12
Let s(z) = 210*z + 15406. Determine s(-73).
76
Let q(x) = 116*x - 12287. Determine q(106).
9
Let v(c) = -c**2 + 63*c + 14001. What is v(154)?
-13
Let j(u) = u**3 + 31*u**2 - 108*u - 176. Calculate j(-34).
28
Let j(x) = x**3 + 2*x**2 - 14*x + 8. Calculate j(-5).
3
Let s(a) = -a**3 - 36*a**2 + 61*a - 407. Determine s(-38).
163
Let t(w) = -w**3 - 15*w**2 - 51*w - 14. Give t(-10).
-4
Let x(v) = -v**3 + 6*v**2 - 14*v + 40. What is x(6)?
-44
Let n(h) = -h**3 + 42*h**2 - 184*h - 37. What is n(37)?
0
Let i(o) = o**3 + 94*o**2 + 92*o - 129. What is i(-93)?
-36
Let n(z) = -5*z**2 - 106*z - 546. What is n(-13)?
-13
Let n(z) = -115*z + 42. Determine n(3).
-303
Let z(a) = -3*a**3 - a**2 + 25*a - 67. Calculate z(4).
-175
Let x(q)